{"id":2433,"date":"2016-02-10T01:45:43","date_gmt":"2016-02-10T01:45:43","guid":{"rendered":"http:\/\/ceticontinental.org\/portal\/?page_id=2433"},"modified":"2020-09-03T20:37:16","modified_gmt":"2020-09-03T23:37:16","slug":"ceti-continental","status":"publish","type":"page","link":"https:\/\/www.ceticontinental.org\/portal\/ceti-continental\/","title":{"rendered":"Ceti Continental"},"content":{"rendered":"<div id=\"pl-2433\"  class=\"panel-layout\" ><div id=\"pg-2433-0\"  class=\"panel-grid panel-has-style\" ><div class=\"so-parallax siteorigin-panels-stretch panel-row-style panel-row-style-for-2433-0\" data-stretch-type=\"full-stretched\" ><img fetchpriority=\"high\" decoding=\"async\" width=\"2048\" height=\"1365\" src=\"https:\/\/www.ceticontinental.org\/portal\/wp-content\/uploads\/2018\/02\/11060307_918222678244798_7659607626684857833_o.jpg\" class=\"attachment-full size-full\" alt=\"\" data-siteorigin-parallax=\"true\" loading=\"eager\" srcset=\"https:\/\/www.ceticontinental.org\/portal\/wp-content\/uploads\/2018\/02\/11060307_918222678244798_7659607626684857833_o.jpg 2048w, https:\/\/www.ceticontinental.org\/portal\/wp-content\/uploads\/2018\/02\/11060307_918222678244798_7659607626684857833_o-300x200.jpg 300w, https:\/\/www.ceticontinental.org\/portal\/wp-content\/uploads\/2018\/02\/11060307_918222678244798_7659607626684857833_o-768x512.jpg 768w, https:\/\/www.ceticontinental.org\/portal\/wp-content\/uploads\/2018\/02\/11060307_918222678244798_7659607626684857833_o-1024x683.jpg 1024w, https:\/\/www.ceticontinental.org\/portal\/wp-content\/uploads\/2018\/02\/11060307_918222678244798_7659607626684857833_o-480x320.jpg 480w\" sizes=\"(max-width: 2048px) 100vw, 2048px\" \/><div id=\"pgc-2433-0-0\"  class=\"panel-grid-cell\" ><div id=\"panel-2433-0-0-0\" class=\"so-panel widget widget_text panel-first-child panel-last-child\" data-index=\"0\" >\t\t\t<div class=\"textwidget\"><\/div>\n\t\t<\/div><\/div><\/div><\/div><div id=\"pg-2433-1\"  class=\"panel-grid panel-has-style\" ><div class=\"siteorigin-panels-stretch panel-row-style panel-row-style-for-2433-1\" data-stretch-type=\"full\" ><div id=\"pgc-2433-1-0\"  class=\"panel-grid-cell\" ><div id=\"panel-2433-1-0-0\" class=\"so-panel widget widget_text panel-first-child panel-last-child\" data-index=\"1\" ><div class=\"panel-widget-style panel-widget-style-for-2433-1-0-0\" ><h3 class=\"widget-title\">Ceti Continental<\/h3>\t\t\t<div class=\"textwidget\"><h1>Somos la Comunidad de Estudios Teol\u00f3gicos Interdisciplinarios.<\/h1>\n<h1>Somos j\u00f3venes y mayores, mujeres y hombres, de m\u00faltiples pa\u00edses y tradiciones cristianas.<\/h1>\n<h1>Somos personas que ansiamos seguir a Jes\u00fas de Nazaret en el d\u00eda a d\u00eda, personal y comunitariamente.<\/h1>\n<h1>Somos personas que buscamos vivir las buenas noticias del reinado de Dios y su justicia en nuestros contextos para la transformaci\u00f3n de nuestra realidad.<\/h1>\n<\/div>\n\t\t<\/div><\/div><\/div><\/div><\/div><div id=\"pg-2433-2\"  class=\"panel-grid panel-has-style\" ><div class=\"siteorigin-panels-stretch panel-row-style panel-row-style-for-2433-2\" data-stretch-type=\"full\" ><div id=\"pgc-2433-2-0\"  class=\"panel-grid-cell\" ><div class=\"panel-cell-style panel-cell-style-for-2433-2-0\" ><div id=\"panel-2433-2-0-0\" class=\"so-panel widget widget_text panel-first-child panel-last-child\" data-index=\"2\" ><div class=\"panel-widget-style panel-widget-style-for-2433-2-0-0\" >\t\t\t<div class=\"textwidget\"><h1><strong style=\"font-size: 30px !important; font-family: 'via_sans_boldbold';\">Visi\u00f3n<\/strong><\/h1>\n<h1><strong style=\"font-size: 20px !important; font-family: 'via_sans_boldbold';\">Anhelamos ver comunidades y personas cristianas que vivan integralmente el Evangelio en todas\u00a0las esferas del saber y quehacer humano en medio de las realidades latinoamericanas.<\/strong><\/h1>\n<\/div>\n\t\t<\/div><\/div><\/div><\/div><div id=\"pgc-2433-2-1\"  class=\"panel-grid-cell\" ><div class=\"panel-cell-style panel-cell-style-for-2433-2-1\" ><div id=\"panel-2433-2-1-0\" class=\"so-panel widget widget_text panel-first-child panel-last-child\" data-index=\"3\" ><div class=\"panel-widget-style panel-widget-style-for-2433-2-1-0\" >\t\t\t<div class=\"textwidget\"><h1><\/h1>\n<h1><strong style=\"font-size: 30px !important; font-family: 'via_sans_boldbold';\">Misi\u00f3n<\/strong><\/h1>\n<h1><strong style=\"font-size: 20px !important; font-family: 'via_sans_boldbold';\">Contribuir, como comunidad interdisciplinaria e innovadora, al quehacer teol\u00f3gico desde la vida\u00a0para una vivencia integral, aut\u00e9ntica y transformadora del Reino de Dios y su justicia en el\u00a0contexto latinoamericano.<\/strong><\/h1>\n<p>&nbsp;<\/p>\n<\/div>\n\t\t<\/div><\/div><\/div><\/div><\/div><\/div><div id=\"pg-2433-3\"  class=\"panel-grid panel-no-style\" ><div id=\"pgc-2433-3-0\"  class=\"panel-grid-cell\" ><div id=\"panel-2433-3-0-0\" class=\"so-panel widget widget_text panel-first-child panel-last-child\" data-index=\"4\" ><div class=\"panel-widget-style panel-widget-style-for-2433-3-0-0\" >\t\t\t<div class=\"textwidget\"><p>Ofrecemos procesos de formaci\u00f3n teol\u00f3gica desde y para la vida, abiertos a quienes comparten esos deseos y compromisos:<\/p>\n<ol>\n<li>Vida &amp; \u00a0Misi\u00f3n, una propuesta presencial y virtual para para Iglesias, organizaciones cristianas o grupos de amigos estructurada alrededor de cuatro \u00e1reas de la vida: Iglesia Trabajo, Sociedad y Familia.<\/li>\n<li>La Maestr\u00eda en Estudios Teol\u00f3gicos Interdisciplinarios para la Misi\u00f3n Integral, un programa de posgrado en modalidad virtual y presencial.<\/li>\n<li>Diplomados en Discipulado Radical y Vocaci\u00f3n y Espiritualidad, programas cortos al nivel posgrado en modalidad virtual y presencial.<\/li>\n<li>Cursos Abiertos en l\u00ednea, cursos populares de dos o tres semanas que exploran preguntas de la vida cotidiana desde una mirada teol\u00f3gica.<\/li>\n<\/ol>\n<p>Todos nuestros programas se organizan alrededor de las realidades vivenciales de la SOCIEDAD, el TRABAJO, la FAMILIA y la IGLESIA. Proveen a los y las estudiantes la oportunidad de examinar su vocaci\u00f3n y trabajo, su vida familiar, su lugar en la sociedad, y su participaci\u00f3n en la comunidad de fe a la luz de la Palabra de Dios, la historia de la Iglesia, la teolog\u00eda, y las ciencias sociales.<\/p>\n<p>La expectativa es que, a trav\u00e9s de estos procesos de formaci\u00f3n teol\u00f3gica, personas de diversos trasfondos y ocupaciones, profesionales, y l\u00edderes eclesiales crezcan como seguidores y seguidoras radicales de Jesucristo y hagan aportes transformadores en sus espacios vitales.<\/p>\n<\/div>\n\t\t<\/div><\/div><\/div><\/div><\/div>","protected":false},"excerpt":{"rendered":"<p>Somos la Comunidad de Estudios Teol\u00f3gicos Interdisciplinarios. Somos j\u00f3venes y mayores, mujeres y hombres, de m\u00faltiples pa\u00edses y tradiciones cristianas. Somos personas que ansiamos seguir a Jes\u00fas de Nazaret en el d\u00eda a d\u00eda, personal y comunitariamente. Somos personas que <span class=\"readmore\"><a class=\"more-link\" href=\"https:\/\/www.ceticontinental.org\/portal\/ceti-continental\/\">Leer m\u00e1s&#8230;<\/a><\/span><\/p>\n","protected":false},"author":1,"featured_media":0,"parent":0,"menu_order":0,"comment_status":"closed","ping_status":"closed","template":"","meta":{"footnotes":""},"class_list":["post-2433","page","type-page","status-publish","hentry"],"_links":{"self":[{"href":"https:\/\/www.ceticontinental.org\/portal\/wp-json\/wp\/v2\/pages\/2433"}],"collection":[{"href":"https:\/\/www.ceticontinental.org\/portal\/wp-json\/wp\/v2\/pages"}],"about":[{"href":"https:\/\/www.ceticontinental.org\/portal\/wp-json\/wp\/v2\/types\/page"}],"author":[{"embeddable":true,"href":"https:\/\/www.ceticontinental.org\/portal\/wp-json\/wp\/v2\/users\/1"}],"replies":[{"embeddable":true,"href":"https:\/\/www.ceticontinental.org\/portal\/wp-json\/wp\/v2\/comments?post=2433"}],"version-history":[{"count":88,"href":"https:\/\/www.ceticontinental.org\/portal\/wp-json\/wp\/v2\/pages\/2433\/revisions"}],"predecessor-version":[{"id":5612,"href":"https:\/\/www.ceticontinental.org\/portal\/wp-json\/wp\/v2\/pages\/2433\/revisions\/5612"}],"wp:attachment":[{"href":"https:\/\/www.ceticontinental.org\/portal\/wp-json\/wp\/v2\/media?parent=2433"}],"curies":[{"name":"wp","href":"https:\/\/api.w.org\/{rel}","templated":true}]}}